- 3280. What is b(233)?
-18
Let q(v) = 3*v**2 + 141*v + 1652. What is q(-31)?
164
Let p(r) = 6*r**2 - 2300*r + 103482. Give p(52).
106
Let q(b) = -748*b - 199887. Calculate q(-267).
-171
Let j(u) = 79882*u - 239601. Determine j(3).
45
Let c(i) = -40*i**2 - 10942*i + 103. What is c(-273)?
6109
Let v(n) = 5*n**2 - 121*n + 251. What is v(22)?
9
Let v(a) = -34*a**3 + 118*a - 3. What is v(-3)?
561
Let b(a) = 427655*a + 2138272. What is b(-5)?
-3
Let x(p) = 6014*p + 18405. What is x(-3)?
363
Let w(t) = -t**2 - 53297*t - 319693. Give w(-6).
53
Let k(q) = -q**3 + 5*q**2 - 3206*q - 16247. Calculate k(-5).
33
Let g(b) = b**2 + 111*b + 2614. What is g(-29)?
236
Let u(k) = -201*k + 2704. What is u(10)?
694
Let r(d) = 1220*d - 10454. Give r(10).
1746
Let r(u) = -46*u**2 - 6983*u + 1357. What is r(-152)?
-11
Let k(c) = -24311*c + 48687. Give k(2).
65
Let m(u) = u**3 - 79*u**2 - 1860*u - 191. What is m(98)?
5
Let z(y) = y**2 - 3763*y + 6. Give z(0).
6
Let u(i) = 520*i + 12338. Calculate u(-21).
1418
Let p(v) = -53*v**3 - 1595*v**2 - 158*v - 276. What is p(-30)?
-36
Let j(r) = 2*r**2 + 28455*r - 1198642. Calculate j(42).
-4
Let i(y) = -y**2 - 130469*y - 6260204. Determine i(-48).
4
Let v(k) = 701*k - 1567. Calculate v(0).
-1567
Let a(v) = v**3 + 21*v**2 + 107*v + 87. Give a(-6).
-15
Let q(n) = -226*n**3 - 206*n**2 + 44*n + 38. Give q(-1).
14
Let z(u) = 3538*u**3 - 34*u**2 - 28*u + 4. Calculate z(-1).
-3540
Let r(h) = 7*h**3 + 255*h**2 + 108*h + 75. Give r(-36).
75
Let f(w) = -4*w**3 - 3*w**2 + 661*w + 1336. Calculate f(-2).
34
Let t(p) = 9*p**3 - 84*p**2 + 38*p - 124. Determine t(9).
-25
Let b(r) = -r**3 - 26*r**2 - 124*r + 610. What is b(-15)?
-5
Let g(c) = 9732*c - 97034. Determine g(10).
286
Let w(v) = -72921*v + 291686. Give w(4).
2
Let x(k) = -k**3 - 10*k**2 + 97498*k + 974984. Calculate x(-10).
4
Let b(s) = -86*s**3 + 286*s**2 + 580*s + 3. What is b(-2)?
675
Let c(r) = -371*r + 15134. Give c(42).
-448
Let r(d) = -7278*d + 51148. Give r(7).
202
Let s(q) = -79826*q - 9419475. Give s(-118).
-7
Let f(i) = -4*i**3 + 281*i**2 + 504*i + 211. Determine f(72).
211
Let w(i) = -7*i**3 + 739*i**2 + 84303*i - 1030. Give w(-69).
5
Let x(n) = -3*n**2 - 1804*n - 203076. Determine x(-150).
24
Let i(q) = -2*q**3 - 82*q**2 + 72*q + 2905. Calculate i(-41).
-47
Let m(o) = 50*o + 1764. Calculate m(-31).
214
Let p(q) = 10*q**3 + 51*q**2 + 235*q - 37. Determine p(-4).
-801
Let b(r) = -2*r**2 + 6695*r - 20077. What is b(3)?
-10
Let i(z) = 43*z**2 + 703*z - 385. Determine i(-17).
91
Let p(m) = -73*m**2 - 37817*m + 36355. What is p(-519)?
25
Let o(c) = -5212*c + 26959. What is o(5)?
899
Let l(w) = -3*w**3 + 395*w**2 + 136*w - 527. Calculate l(132).
1
Let u(t) = 12*t**2 - 179*t + 392. Determine u(9).
-247
Let r(i) = -14*i**2 + 32702*i - 32704. Calculate r(1).
-16
Let j(m) = -4*m**3 + 43*m**2 - 34*m + 544. Calculate j(11).
49
Let c(f) = -167*f + 7315. Give c(44).
-33
Let f(q) = 313*q - 48418. Calculate f(153).
-529
Let a(r) = -2483*r + 270571. Give a(109).
-76
Let r(g) = -g**2 - 105*g - 2078. Determine r(-47).
648
Let z(h) = 37*h**2 - 5372*h + 16750. Give z(142).
-6
Let m(t) = -59*t**3 + 1231*t**2 + 180*t - 190. Determine m(21).
62
Let o(x) = 77*x**2 - 585*x - 2331. Determine o(-4).
1241
Let l(b) = -396786*b - 1190373. What is l(-3)?
-15
Let v(q) = -q**3 + 4*q**2 + 288*q + 1287. Determine v(-5).
72
Let h(a) = -2*a**3 - 224*a**2 - 1048*a - 66874. What is h(-110)?
6
Let n(i) = -i**3 - 22*i**2 + 120*i + 7. Give n(-27).
412
Let n(l) = 2*l**3 + 730*l**2 - 5239*l - 11555. Give n(-372).
-23
Let d(g) = 4849*g - 4963. Determine d(1).
-114
Let w(l) = 6*l**3 + 51*l**2 + 140*l + 949. Calculate w(-8).
21
Let z(w) = 2*w**3 - 61*w**2 + 308*w + 484. Give z(24).
388
Let g(s) = -s**3 + 27*s**2 - 96*s + 2594. Give g(27).
2
Let s(x) = -4*x**2 - 536*x - 9139. Determine s(-20).
-19
Let i(g) = -1367*g + 68353. Determine i(50).
3
Let t(x) = -x**3 - 238*x**2 - 793*x - 131768. Give t(-237).
4
Let m(x) = 106*x + 6091. Give m(-53).
473
Let j(a) = -a**2 - 76*a + 1069. What is j(-83)?
488
Let d(i) = -27065*i - 378915. Calculate d(-14).
-5
Let t(w) = 27370*w - 4762375. Give t(174).
5
Let b(x) = 22212*x - 199859. Calculate b(9).
49
Let t(m) = -2*m**2 + 449*m + 154503. Calculate t(412).
3
Let s(o) = -13*o**2 + 442*o - 2911. What is s(23)?
378
Let h(x) = 835444*x - 17544323. What is h(21)?
1
Let d(g) = 2*g**3 + 663*g**2 + 1882*g - 258. Calculate d(-3).
9
Let l(h) = 5*h**2 - 46*h - 461. Determine l(-17).
1766
Let r(l) = -2*l**3 + 7*l**2 - 180*l + 749. Determine r(4).
13
Let z(d) = -d**2 + 574*d + 2624. What is z(0)?
2624
Let a(t) = 3*t**3 + 25*t**2 + 64*t - 134. Determine a(-10).
-1274
Let m(b) = -5*b**2 - 20489*b - 143138. Determine m(-7).
40
Let k(d) = 38*d**3 - 11320*d**2 - 1190*d - 601. Give k(298).
-5
Let o(r) = -2*r**3 + 257*r**2 - 2264*r + 263. Calculate o(119).
-94
Let r(k) = k**3 + 34*k**2 - 144*k - 6223. Calculate r(-32).
433
Let t(o) = 10670*o - 416122. Determine t(39).
8
Let k(b) = 6*b**2 - 6213*b - 97797. Determine k(1051).
-54
Let v(s) = 2055082*s - 8220333. Give v(4).
-5
Let h(k) = 60139*k + 60163. Give h(-1).
24
Let x(g) = 15*g**3 + 222*g**2 - 399*g - 5203. Calculate x(-15).
107
Let y(k) = -457*k + 3766. What is y(5)?
1481
Let s(j) = 2*j**2 + 124*j - 423. Calculate s(-72).
1017
Let i(v) = 3913*v + 187860. Calculate i(-48).
36
Let h(x) = 2*x**3 + 368*x**2 + 30*x + 73735. What is h(-185)?
-265
Let v(n) = 91*n**2 + 503*n - 6290. Calculate v(6).
4
Let j(y) = 105*y + 256. Calculate j(-7).
-479
Let n(t) = 62960*t - 9066251. Give n(144).
-11
Let m(w) = 8*w**3 - 12*w**2 - 7*w + 2. Give m(4).
294
Let l(c) = 16454*c + 82286. Determine l(-5).
16
Let r(p) = -1742*p + 16882. Give r(6).
6430
Let w(g) = 2*g**2 - 1447*g - 7286. What is w(-5)?
-1
Let b(m) = 287*m**2 + 23247*m. Determine b(-81).
0
Let k(r) = -147*r + 17166. Determine k(108).
1290
Let n(b) = -31*b**2 + 156*b - 268. Calculate n(2).
-80
Let n(w) = 6*w**2 - 936*w + 9027. Give n(146).
267
Let p(f) = 4*f**3 + 227*f**2 + 1129*f - 126. Calculate p(-5).
-596
Let o(z) = -z**2 + 293*z - 20231. Calculate o(161).
1021
Let i(x) = -60*x + 10845. Determine i(169).
705
Let c(f) = f**3 + 77*f**2 + 251*f - 7125. Give c(-72).
723
Let o(k) = -2*k**2 - 30350*k - 333544. Give o(-11).
64
Let f(b) = -165*b**2 - 2160*b - 211. Determine f(-13).
-16
Let a(c) = -13*c**3 - 568*c**2 + 191*c + 650. Determine a(-44).
-10
Let v(p) = -7*p**3 - 18*p**2 - 6*p + 44. Give v(-3).
89
Let u(s) = 2039*s**2 - 146788*s - 1430. Calculate u(72).
10
Let p(a) = -a**3 + 20*a**2 - 182*a + 466. What is p(6)?
-122
Let j(l) = -35*l**3 + 52*l**2 + 632*l - 2. Calculate j(5).
83
Let h(w) = -65395*w - 719432. What is h(-11)?
-87
Let r(j) = j**3 - 43*j**2 - 1540*j + 106. What is r(-23)?
612
Let q(l) = -51182*l + 97. Give q(0).
97
Let y(q) = -q**2 + 706*q - 120511. Calculate y(417).
2
Let o(m) = 10069*m - 1631164. Give o(162).
14
Let q(j) = -30569*j + 641893. Give q(21).
-56
Let t(n) = n**3 - 39*n**2 + 13*n - 4. Give t(40).
2116
Let h(v) = 10*v**3 + 2428*v**2 - 476*v + 549. Calculate h(-243).
-1881
Let r(y) = 3*y**2 - 358*y + 2030. Calculate r(113).
-117
Let g(a) = -a**2 - 188*a - 9043. Determine g(-64).
-1107
Let b(r) = -2251*r - 31745. What is b(-14)?
-231
Let s(o) = -477*o**2 - 2423*o - 127. What is s(-5)?
63
Let f(d) = 225*d - 21028. Give f(94).
122
Let a(q) = -q**2 - 4*q + 67. Give a(5).
22
Let r(f) = f**3 + 87*f**2 - 117*f - 7978. Give r(-88).
-5426
Let x(v) = -64*v + 9001. Determine x(140).
41
Let z(m) = -2*m**3 - 36*m**2 + 49*m - 50. What is z(-20)?
570
Let q(o) = -9*o**2 - 89*o - 421. What is q(-17)?
-1509
Let l(r) = 2*r**3 - 9*r**2 + 1255*r - 17218. Calculate l(12).
2
Let r(i) = 2434*i - 65656. Determine r(27).
62
Let d(o) = o**3 - 22*o**2 - 39*o + 763. Calculate d(22).
-95
Let b(d) = 2869*d + 2326831. Determine b(-811).
72
Let b(w) = 6386*w - 281004. Give b(44).
-20
Let t(m) = -m**3 + 60*m**2 - 734*m - 3873. Calculate t(26).
27
Let p(z) = -141*z - 11741. What is p(-50)?
-4691
Let m(y) = -2251*y - 17968. What is m(-8)?
40
Let f(d) = -d**3 + 30*d**2 - 109*d + 509. What is f(27)?
-247
Let a(q) = 9*q**2 - 87*q + 247. What is a(8)?
127
Let a(j) = -82295*j - 7653431. Calculate a(-93).
4
Let q(p) = -39*p**2 - 2066*p - 3827. Give q(-51).
100
Let q(w) = 28*w**2 + 1319*w + 1439. Determine q(-46).
13
Let 